{"id":7437,"date":"2019-04-24T14:53:03","date_gmt":"2019-04-24T14:53:03","guid":{"rendered":"http:\/\/sma.co.ve\/ven\/?page_id=7437"},"modified":"2019-04-24T14:53:03","modified_gmt":"2019-04-24T14:53:03","slug":"asesorias-corporativas","status":"publish","type":"page","link":"https:\/\/sma.co.ve\/ven\/asesorias-corporativas\/","title":{"rendered":"Asesor\u00edas Corporativas"},"content":{"rendered":"<p>[et_pb_section bb_built=\u00bb1&#8243; admin_label=\u00bbsection\u00bb background_image=\u00bbhttps:\/\/sma.co.ve\/ven\/wp-content\/uploads\/2019\/04\/panama.jpg\u00bb background_color=\u00bb#ffffff\u00bb parallax_method=\u00bboff\u00bb specialty=\u00bboff\u00bb module_id=\u00bbsubheaderWrap\u00bb disabled=\u00bboff\u00bb next_background_color=\u00bb#ffffff\u00bb _builder_version=\u00bb3.4&#8243; custom_css_main_element=\u00bb.et_pb_title_container h1 {|| font-size: 26px !important;|| line-height: 1em;|| background-color: #384977;|| padding: 20px;|| color: #fff !important;||}\u00bb][et_pb_row admin_label=\u00bbrow\u00bb make_fullwidth=\u00bboff\u00bb use_custom_width=\u00bboff\u00bb width_unit=\u00bbon\u00bb custom_width_px=\u00bb1080px\u00bb custom_width_percent=\u00bb80%\u00bb use_custom_gutter=\u00bboff\u00bb gutter_width=\u00bb3&#8243; allow_player_pause=\u00bboff\u00bb parallax=\u00bboff\u00bb parallax_method=\u00bboff\u00bb make_equal=\u00bboff\u00bb parallax_1=\u00bboff\u00bb parallax_method_1=\u00bboff\u00bb parallax_2=\u00bboff\u00bb parallax_method_2=\u00bbon\u00bb parallax_3=\u00bboff\u00bb parallax_method_3=\u00bbon\u00bb parallax_4=\u00bboff\u00bb parallax_method_4=\u00bbon\u00bb disabled=\u00bboff\u00bb background_position=\u00bbtop_left\u00bb background_repeat=\u00bbrepeat\u00bb background_size=\u00bbinitial\u00bb _builder_version=\u00bb3.4&#8243;][et_pb_column type=\u00bb4_4&#8243;][et_pb_post_title title=\u00bbon\u00bb meta=\u00bboff\u00bb author=\u00bbon\u00bb date=\u00bbon\u00bb date_format=\u00bbM j, Y\u00bb categories=\u00bbon\u00bb comments=\u00bbon\u00bb featured_image=\u00bboff\u00bb featured_placement=\u00bbbelow\u00bb parallax_effect=\u00bbon\u00bb parallax_method=\u00bbon\u00bb text_orientation=\u00bbleft\u00bb text_color=\u00bbdark\u00bb text_background=\u00bboff\u00bb text_bg_color=\u00bbrgba(255,255,255,0.9)\u00bb use_border_color=\u00bboff\u00bb border_color=\u00bb#ffffff\u00bb border_width=\u00bb1px\u00bb border_style=\u00bbsolid\u00bb disabled=\u00bboff\u00bb parallax=\u00bbon\u00bb \/][\/et_pb_column][\/et_pb_row][\/et_pb_section][et_pb_section bb_built=\u00bb1&#8243; transparent_background=\u00bboff\u00bb background_color=\u00bb#ffffff\u00bb allow_player_pause=\u00bboff\u00bb inner_shadow=\u00bboff\u00bb parallax=\u00bboff\u00bb parallax_method=\u00bboff\u00bb make_fullwidth=\u00bboff\u00bb use_custom_width=\u00bboff\u00bb width_unit=\u00bbon\u00bb custom_width_px=\u00bb1080px\u00bb custom_width_percent=\u00bb80%\u00bb make_equal=\u00bboff\u00bb use_custom_gutter=\u00bboff\u00bb fullwidth=\u00bboff\u00bb specialty=\u00bboff\u00bb disabled=\u00bboff\u00bb prev_background_color=\u00bb#000000&#8243;][et_pb_row make_fullwidth=\u00bboff\u00bb use_custom_width=\u00bboff\u00bb width_unit=\u00bbon\u00bb custom_width_px=\u00bb1080px\u00bb custom_width_percent=\u00bb80%\u00bb use_custom_gutter=\u00bboff\u00bb gutter_width=\u00bb3&#8243; allow_player_pause=\u00bboff\u00bb parallax=\u00bboff\u00bb parallax_method=\u00bboff\u00bb make_equal=\u00bboff\u00bb parallax_1=\u00bboff\u00bb parallax_method_1=\u00bboff\u00bb parallax_2=\u00bboff\u00bb parallax_method_2=\u00bboff\u00bb parallax_3=\u00bboff\u00bb parallax_method_3=\u00bboff\u00bb parallax_4=\u00bboff\u00bb parallax_method_4=\u00bbon\u00bb disabled=\u00bboff\u00bb background_position=\u00bbtop_left\u00bb background_repeat=\u00bbrepeat\u00bb background_size=\u00bbinitial\u00bb][et_pb_column type=\u00bb4_4&#8243;][et_pb_text use_border_color=\u00bboff\u00bb disabled=\u00bboff\u00bb background_position=\u00bbtop_left\u00bb background_repeat=\u00bbrepeat\u00bb background_size=\u00bbinitial\u00bb _builder_version=\u00bb3.4&#8243;]<\/p>\n<p style=\"text-align: justify;\">Nuestros servicios en asesor\u00edas se focalizan en las \u00e1reas sensibles de la operaci\u00f3n de la organizaci\u00f3n, el alcance de los servicios ofrecidos ser\u00e1 definido conforme a los requerimientos de la empresa. Las principales \u00e1reas de desarrollo son: Finanzas, capital humano, gerencia estrat\u00e9gica y tecnolog\u00eda de la informaci\u00f3n.<\/p>\n<p>&nbsp;<\/p>\n<h3>Capital Humano:<\/h3>\n<ul>\n<li>\u00cdndice de bienestar individual (IBI):<\/li>\n<li>Capacitaci\u00f3n en:\n<ul>\n<li>Formulaci\u00f3n de metas<\/li>\n<li>Planificaci\u00f3n y organizaci\u00f3n para el logro<\/li>\n<li>Cultura de servicio al cliente (interno \/ externo)<\/li>\n<li>\u00a0Desarrollo de potencial<\/li>\n<li>\u00a0Educaci\u00f3n gerencial y laboral<\/li>\n<li>Coaching (Gerencial y de equipos de trabajo)<\/li>\n<\/ul>\n<\/li>\n<li style=\"list-style-type: none;\">\n<ul>\n<li>Gesti\u00f3n del cambio<\/li>\n<li>Programaci\u00f3n Neuro-Linguistica (PNL)<\/li>\n<li>Gerencia de sue\u00f1os (motivaci\u00f3n y retenci\u00f3n del personal)<\/li>\n<\/ul>\n<\/li>\n<\/ul>\n<p>&nbsp;<\/p>\n<h3>Finanzas:<\/h3>\n<ul>\n<li>Outsourcing administrativo y financiero-contable<\/li>\n<li>Outsourcing gerencia estrat\u00e9gica<\/li>\n<li>Outsourcing de auditor\u00eda interna<\/li>\n<li>Realizaci\u00f3n de procedimientos previamente convenidos<\/li>\n<li>Diagn\u00f3stico contable-financiero con enfoque de negocios<\/li>\n<li>NIIF PYMES \/ Normas Internacionales de Informaci\u00f3n Financiera para empresas.<\/li>\n<li>Administraci\u00f3n de empresas Offshore<\/li>\n<\/ul>\n<p>&nbsp;<\/p>\n<h3>Gesti\u00f3n de servicios de Tecnolog\u00eda de la informaci\u00f3n (GSTI):<\/h3>\n<p style=\"text-align: justify;\">Nuestros servicios de tecnolog\u00eda de la informaci\u00f3n se basan en procesos, enfocados en alinear los servicios de IT de las organizaciones con las necesidades de la empresa, poniendo \u00e9nfasis en los beneficios que puede percibir el usuario final. A trav\u00e9s de GSTI se propone cambiar el paradigma de gesti\u00f3n de TI, por componentes enfocados en servicios de punta, usando distintos marcos de trabajo con las \u00abmejores pr\u00e1cticas\u201c lo que se traduce en:<\/p>\n<ul>\n<li>Proporcionar una adecuada gesti\u00f3n de la calidad.<\/li>\n<li>Aumentar la eficiencia.<\/li>\n<li>Alinear los procesos de negocio y la infraestructura TI.<\/li>\n<li>Reducir los riesgos asociados a los Servicios TI.<\/li>\n<li>Generar negocio.<\/li>\n<\/ul>\n<p style=\"text-align: justify;\">Nuestros trabajos de Tecnolog\u00eda de la Informaci\u00f3n y Aseguramiento de Procesos Inform\u00e1ticos son realizados bajo las mejores pr\u00e1cticas y est\u00e1ndares en su ejecuci\u00f3n (CobiT , Ley Sox , Norma ISO 27001 y 27002 , The Standard of Good Practice for Information Security , entre otros est\u00e1ndares en la industria).<\/p>\n<p>&nbsp;<\/p>\n<p><strong><u>Nuestros servicios incluyen:<\/u><\/strong><\/p>\n<ul>\n<li>Ousourcing\/Cousoursing de auditor\u00eda interna de sistemas.<\/li>\n<li>Acompa\u00f1amiento en el desarrollo de proyectos tecnol\u00f3gicos.<\/li>\n<li>Aseguramiento de procesos de conversi\u00f3n de datos.<\/li>\n<li>Apoyo y\/o desarrollo de planes de contingencia, continuidad de negocios en marcha.<\/li>\n<li>Pruebas de integridad y consistencia en tablas de datos.<\/li>\n<li>Auditor\u00eda de sistemas bajo el esquema de la Ley SOX.<\/li>\n<li>Diagn\u00f3sticos de legalidad de software<\/li>\n<li>Definici\u00f3n y revisi\u00f3n de Pol\u00edticas de Seguridad.<\/li>\n<li>Simulaci\u00f3n de Operaciones con el uso de ACL<\/li>\n<li>Entre otros servicios en la gesti\u00f3n de tecnolog\u00eda de la informaci\u00f3n.<\/li>\n<\/ul>\n<p>[\/et_pb_text][\/et_pb_column][\/et_pb_row][\/et_pb_section]<\/p>\n","protected":false},"excerpt":{"rendered":"<p>[et_pb_section bb_built=\u00bb1&#8243; admin_label=\u00bbsection\u00bb background_image=\u00bbhttps:\/\/sma.co.ve\/ven\/wp-content\/uploads\/2019\/04\/panama.jpg\u00bb background_color=\u00bb#ffffff\u00bb parallax_method=\u00bboff\u00bb specialty=\u00bboff\u00bb module_id=\u00bbsubheaderWrap\u00bb disabled=\u00bboff\u00bb next_background_color=\u00bb#ffffff\u00bb _builder_version=\u00bb3.4&#8243; custom_css_main_element=\u00bb.et_pb_title_container h1 {|| font-size: 26px !important;|| line-height: 1em;|| background-color: #384977;|| padding: 20px;|| color: #fff !important;||}\u00bb][et_pb_row admin_label=\u00bbrow\u00bb make_fullwidth=\u00bboff\u00bb use_custom_width=\u00bboff\u00bb width_unit=\u00bbon\u00bb custom_width_px=\u00bb1080px\u00bb custom_width_percent=\u00bb80%\u00bb use_custom_gutter=\u00bboff\u00bb gutter_width=\u00bb3&#8243; allow_player_pause=\u00bboff\u00bb parallax=\u00bboff\u00bb parallax_method=\u00bboff\u00bb make_equal=\u00bboff\u00bb parallax_1=\u00bboff\u00bb parallax_method_1=\u00bboff\u00bb parallax_2=\u00bboff\u00bb parallax_method_2=\u00bbon\u00bb parallax_3=\u00bboff\u00bb parallax_method_3=\u00bbon\u00bb parallax_4=\u00bboff\u00bb parallax_method_4=\u00bbon\u00bb disabled=\u00bboff\u00bb background_position=\u00bbtop_left\u00bb background_repeat=\u00bbrepeat\u00bb background_size=\u00bbinitial\u00bb _builder_version=\u00bb3.4&#8243;][et_pb_column type=\u00bb4_4&#8243;][et_pb_post_title title=\u00bbon\u00bb meta=\u00bboff\u00bb author=\u00bbon\u00bb [&hellip;]<\/p>\n","protected":false},"author":1,"featured_media":0,"parent":0,"menu_order":0,"comment_status":"closed","ping_status":"closed","template":"","meta":{"footnotes":""},"class_list":["post-7437","page","type-page","status-publish","hentry"],"_links":{"self":[{"href":"https:\/\/sma.co.ve\/ven\/wp-json\/wp\/v2\/pages\/7437","targetHints":{"allow":["GET"]}}],"collection":[{"href":"https:\/\/sma.co.ve\/ven\/wp-json\/wp\/v2\/pages"}],"about":[{"href":"https:\/\/sma.co.ve\/ven\/wp-json\/wp\/v2\/types\/page"}],"author":[{"embeddable":true,"href":"https:\/\/sma.co.ve\/ven\/wp-json\/wp\/v2\/users\/1"}],"replies":[{"embeddable":true,"href":"https:\/\/sma.co.ve\/ven\/wp-json\/wp\/v2\/comments?post=7437"}],"version-history":[{"count":1,"href":"https:\/\/sma.co.ve\/ven\/wp-json\/wp\/v2\/pages\/7437\/revisions"}],"predecessor-version":[{"id":7438,"href":"https:\/\/sma.co.ve\/ven\/wp-json\/wp\/v2\/pages\/7437\/revisions\/7438"}],"wp:attachment":[{"href":"https:\/\/sma.co.ve\/ven\/wp-json\/wp\/v2\/media?parent=7437"}],"curies":[{"name":"wp","href":"https:\/\/api.w.org\/{rel}","templated":true}]}}